 of 50 and m?
10
Let a be ((-5)/(-2))/(1/2). Calculate the highest common divisor of 30 and a.
5
Let c(i) = -i**2 - 6*i - 4. Let z be c(-5). Suppose -3*v + b = -28, v - 4*b + 30 = 43. Calculate the highest common factor of z and v.
1
Suppose b - 10 - 10 = 0. Calculate the greatest common divisor of b and 30.
10
Suppose 2*x + 5*j = -31, 3*x - 2*j = -7*j - 34. Let u be x/(-2)*16/3. Calculate the greatest common divisor of 2 and u.
2
Suppose 2*j + 3*j = -3*u + 80, -4*j = -4*u - 64. What is the highest common factor of 32 and j?
16
Suppose -2 = 6*b - 4*b. Let x be (-2 - -4) + (-4)/b. What is the highest common divisor of x and 42?
6
Let g(u) = -u**3 - u**2 + 11*u - 6. Let p be g(-6). What is the greatest common factor of p and 12?
12
Let q be (-133)/(-3) - 0 - 11/33. Calculate the highest common divisor of q and 11.
11
Let d = 30 + -16. Suppose -2*v - 400 = -4*l, -2*v - 2 = 6. What is the highest common factor of d and l?
14
Let d(u) = u**3 - 8*u**2 + u + 5. Let a be d(8). Calculate the highest common divisor of 91 and a.
13
Let g(q) = 3*q**3 - q - 2. Let s be g(2). Let c = -70 + 101. Let y = c - s. Calculate the greatest common factor of y and 55.
11
Let v = 1 - 12. Let b = v + 16. What is the greatest common factor of 20 and b?
5
Let v(a) = a**3 - 2*a**2 + 5*a - 1. Let y be v(5). Let o = -34 + y. What is the greatest common divisor of 26 and o?
13
Suppose 19 = -2*z + 99. Calculate the highest common divisor of 60 and z.
20
Let n(m) = -20*m + 8. Let l be n(-8). Suppose 40 + 23 = 3*z. Calculate the highest common factor of l and z.
21
Let y be (-8)/(-6) - 532/(-42). What is the highest common divisor of 112 and y?
14
Let x(i) = 2*i**2 + 4*i - 10. Let k be x(-7). What is the highest common divisor of k and 30?
30
Let t = -208 - -600. Suppose -3*i + 1229 = t. What is the highest common factor of 31 and i?
31
Suppose -2*s = 3*s - 20. Suppose 2 = -s*z + 22. Calculate the greatest common divisor of z and 5.
5
Let j(x) = -x**3 - 11*x**2 - 11*x + 5. Let c be j(-10). Calculate the greatest common factor of c and 105.
15
Let g be (1 - 3 - -1)*0. Let l be (56 + g)/(7 + -6). Calculate the greatest common divisor of 14 and l.
14
Let j(k) = -k**2 + k + 3. Let z be j(3). Let t be z/(-15) + 1208/10. What is the highest common factor of 11 and t?
11
Let z(x) = x + 1. Let f be z(-2). Let d = 15 + f. Let c be (d/(-8))/((-2)/24). Calculate the greatest common divisor of c and 14.
7
Let a be -1 + 76/18 + (-18)/81. What is the highest common factor of 21 and a?
3
Suppose -2*x - 8 - 4 = 5*o, -3*x + 3*o + 24 = 0. What is the highest common factor of x and 26?
2
Suppose 3*f - 11 = 4*g + 1, -4*f + 29 = -g. Let c be (-738)/(-30) + (-6)/10. What is the greatest common divisor of f and c?
8
Let s = 24 - 15. What is the highest common factor of 126 and s?
9
Let c = 36 + -21. Calculate the highest common divisor of c and 3.
3
Let s be 310/6 + (-5)/3. Calculate the highest common factor of 50 and s.
50
Suppose 5 - 29 = 2*s + 2*v, 5*s + 2*v + 66 = 0. Let p be 1/(s/(-6) - 2). Calculate the greatest common divisor of 33 and p.
3
Let b be (-14*(-2 - -1))/(2/40). Calculate the greatest common factor of b and 35.
35
Let j be (-1 + 8)/(4/8). Suppose 35*s - 175 = 30*s. Calculate the greatest common factor of s and j.
7
Suppose -4*j + 64 = 3*w, -j - 3 = -0*j - 4*w. Calculate the highest common factor of 39 and j.
13
Suppose -11 + 3 = -c. Calculate the highest common divisor of c and 88.
8
Suppose -3*u - q + 3 = 0, -u + 2*u = 5*q + 17. Suppose a = -a + 2*h - 78, a + 38 = u*h. Let g = a - -56. Calculate the highest common divisor of 64 and g.
16
Let s = -95 - -300. Calculate the greatest common factor of s and 82.
41
Suppose -2*p = -3*r, -5*r - 2*p = -5*p - 1. Suppose r + 1 = l. Let u be 2/(4/(-12) - -1). What is the highest common factor of u and l?
3
Suppose -2*s = -0*i - i - 6, 6 = -3*i. Let p be 4*((-111)/(-12) + 0). Let z = p + -21. Calculate the greatest common divisor of z and s.
2
Let r = -163 + 211. Calculate the greatest common factor of 16 and r.
16
Let x(l) = -l - 2. Let c be x(-7). Let j be -3*5/(c/(-3)). What is the greatest common factor of 18 and j?
9
Let t be -5 + 6 + 1 + -1. Let n be t - ((-5 - -3) + -1). Let x be 0 + (-2)/((-2)/1). What is the highest common divisor of n and x?
1
Let a be (-532)/(-22) + 4/(-22). Calculate the highest common divisor of a and 8.
8
Suppose 2*d + 76 = 2*w, 99 - 301 = -5*w + 2*d. What is the highest common factor of 21 and w?
21
Let f = -35 + 51. What is the greatest common divisor of 40 and f?
8
Let r be (26/4*-4)/(-2). Suppose 15 = 3*f, -2*q + f + r = 2*f. Suppose -o - 2 + q = 0. Calculate the highest common factor of 6 and o.
2
Let n be (-60)/(-2)*(-4 - (-3 - 2)). Suppose -3*a + 43 + 17 = 0. Calculate the highest common factor of a and n.
10
Suppose 8*w = -172 + 444. Calculate the highest common divisor of 2 and w.
2
Let j(o) = -3*o + 2. Let w be j(-6). What is the greatest common divisor of w and 100?
20
Let v be (8*-1)/(7/(140/(-1))). What is the highest common divisor of 10 and v?
10
Let f be 4/(-10) + (-376)/(-40). Calculate the greatest common factor of f and 9.
9
Let m = 23 + -66. Let v = m + 79. Let x be (-1)/(((-2)/(-1))/(-180)). What is the greatest common factor of x and v?
18
Suppose 4 = -c + 8. What is the highest common factor of c and 2?
2
Suppose 16 - 130 = -3*j. Let q = -444 + 501. What is the greatest common divisor of q and j?
19
Let f(p) = -2*p**3 - 3*p**2 + p - 1. Let m = 0 + 4. Let t be (-4)/2 + 2 - m. Let o be f(t). What is the greatest common factor of o and 15?
15
Let g be ((-5)/(-3))/5*30. What is the highest common divisor of g and 120?
10
Let f = 9 - 21. Let h(a) = -a**3 - 12*a**2 + 3. Let i be h(f). Calculate the highest common divisor of i and 3.
3
Suppose 0 = 3*q + 9*q - 840. Calculate the highest common divisor of 14 and q.
14
Let z be -3 - -27 - (-2 + 2). Let v be 9*(-4)/z*-16. What is the highest common factor of 3 and v?
3
Let d(r) = -r + 26. Let z be d(6). Calculate the greatest common factor of 80 and z.
20
Let a be (0 + (-5)/15)/(1/(-39)). Let m = -92 - -196. What is the highest common factor of a and m?
13
Let j = -62 - -76. Let w(s) = -2 + 3 + 0 - 153*s**3. Let d be w(-1). Calculate the greatest common divisor of d and j.
14
Suppose 3*l - 20 = 37. Suppose 0 = 5*b - 36 - l. Let o(x) = -x + 4. Let j be o(3). What is the highest common divisor of b and j?
1
Suppose -5*p - 11 - 28 = -h, h = 2*p + 24. Calculate the greatest common divisor of h and 14.
14
Suppose -3*n + 45 = 5*r, -3*n + 5*n = 3*r - 8. Suppose a + 10 = -0*a. Let w = -4 - a. What is the highest common divisor of w and r?
6
Suppose -3*x = -4*v - 1, 5*v = -5*x - 0*v + 60. Suppose -315 = -2*t - 3*t. Calculate the highest common divisor of t and x.
7
Suppose 2*o = -3*p + 72, -5*p + 2*p + 39 = o. What is the highest common divisor of 3 and o?
3
Suppose 4*a = 8 + 8. Let x = -3 + 15. What is the greatest common factor of x and a?
4
Let s = 24 + -12. Calculate the greatest common divisor of 30 and s.
6
Suppose c - 10 = 3*p, -2*p - 4 = -2. What is the greatest common divisor of 7 and c?
7
Let c be (0 - (3 - 4))*30. Calculate the greatest common divisor of c and 90.
30
Suppose -5*x = -3*i + 6*i + 13, -5*x = 10. Let c be (i/(-1) - -84) + -1. Let j(b) = -2*b + 2. Let v be j(-5). What is the highest common factor of v and c?
12
Let q = 15 + 27. Suppose -3*l + q = 5*t, 4*t + 17 - 48 = -5*l. Calculate the greatest common factor of 1 and t.
1
Let f(m) = -71*m + 1. Let w be f(-1). Calculate the highest common divisor of w and 48.
24
Suppose 0 = v + b - 6 - 18, -3*v + 58 = -4*b. Suppose -2*y = 4*o, -5*y + 13 = 33. Calculate the highest common divisor of v and o.
2
Let g be 745/15 + (-2)/3. Let l = 84 - g. Let c = 15 - 8. What is the highest common divisor of l and c?
7
Let w = 23 - -1. Suppose 0 = y - 22 - 10. Suppose 3*v - y = v. Calculate the highest common factor of v and w.
8
Suppose -5*x + 324 = 2*w, w + 135 = x + x. Let u be ((-6)/5)/(2/(-10)). Calculate the highest common factor of x and u.
6
Let y(b) = b**2 + 7*b - 6. Let c be y(-10). Suppose 2*g + g - c = 0. What is the highest common divisor of 2 and g?
2
Let v(z) = 2*z**2 + 7*z - 3. Let p be v(-9). What is the greatest common divisor of 24 and p?
24
Let b(l) = l**3 - 4*l**2 + 3*l + 4. Let a be